 of a?
2
Let b(w) = w**2. Let o(h) = -h**3 + 2*h**2 - 3. Let u(l) = 5*b(l) + o(l). Let m be u(7). Let z = 36 - m. List the prime factors of z.
3, 13
Let c(l) = 11*l**2 - 21*l + 25. Let g(u) = 4*u**2 - 7*u + 8. Let r(h) = -3*c(h) + 8*g(h). Let s be r(8). Let t = s + 41. List the prime factors of t.
2, 11
Suppose 0 = 2*b + 2*b - 404. Suppose -b = -6*z + 5*z. Let c = z + -69. List the prime factors of c.
2
Let u(a) be the first derivative of -a**4/4 - a**3/3 + a**2/2 + 68*a - 5. What are the prime factors of u(0)?
2, 17
Suppose -3*k + 3*f - 2*f - 95 = 0, 4*f + 115 = -3*k. Let c = 35 + k. Suppose 5*u - c*s + 6*s - 45 = 0, 62 = 4*u - 2*s. List the prime factors of u.
13
Suppose 2*f = 5*j + 1, f - 2*j = 2 - 1. Suppose 74 = f*p - 2*a, -5*a = 5*p - 8*p + 77. List the prime factors of p.
2, 3
Let p be (-846)/(-36)*(-1 - -3). Let j = 4 + p. List the prime factors of j.
3, 17
Let m be -4*(5 + -1 + -5). Suppose q = -3*t + 3*q + 275, 5*t - 451 = -m*q. List the prime factors of t.
7, 13
Suppose 0*z - z = -2*v + 4, 4*z + 13 = 5*v. Let d be (z - 7)/(3/(-2)). Suppose 90 = -d*l + 9*l. What are the prime factors of l?
2, 3, 5
Let s be ((-14)/(-7))/(3/(-2 - 10)). Let p(i) = i**3 + 11*i**2 - 2*i - 8. What are the prime factors of p(s)?
2, 5
Suppose 0 = -4*w, -10*j + 8*j = -4*w - 18. What are the prime factors of (6 + -2 + -3)*j?
3
Let x be -4 + 1 + (2 - -22)/6. List the prime factors of 39*x + (-1)/(1/2).
37
Suppose 864*g = 861*g + 2469. List the prime factors of g.
823
Let t = -4280 - -6552. List the prime factors of t.
2, 71
Let t be (-3)/6 + 14/(-4). Let k be t/(0 + -4 + 2). Suppose -5 + 37 = k*c. What are the prime factors of c?
2
Suppose -129 = 10*t - 879. List the prime factors of t.
3, 5
Suppose 0 = -18*s + 14*s - m + 11271, 5*s - 14097 = -4*m. List the prime factors of s.
3, 313
Let b(d) = d**2 + 17*d + 24. Let l be b(-16). Suppose 0 = -s - l + 12. Suppose -3*r - 129 = -4*t, 4*t + r + s*r - 105 = 0. List the prime factors of t.
2, 3, 5
Let t = 29 + -28. Let b = -1 - t. What are the prime factors of ((-9)/b)/((-2)/(-4))?
3
Suppose 806 = -4*y + 2*v, 3*y + 5*v + 564 + 8 = 0. Let u = y + 338. What are the prime factors of u?
139
Suppose -4*p + 18*p - 1792 = 0. List the prime factors of p.
2
Let w(r) = 22*r**2 - 6*r. Let i be w(-3). Let a = i - -16. What are the prime factors of a?
2, 29
Let k = 3 - -12. Suppose 3 - k = -3*h. Suppose -5*t = -3*a - 59, -4*a + 5 = -h*t + 49. What are the prime factors of t?
13
Let p(t) be the first derivative of t**4/4 + 2*t**3 - 5*t**2 - 7*t + 1. Suppose 4*i = -23 - 5. What are the prime factors of p(i)?
2, 7
Let m = 1226 + -824. List the prime factors of m.
2, 3, 67
Suppose 0 = -b + 5*v + 470, -10*b + 14*b = v + 1918. What are the prime factors of b?
2, 3, 5
Suppose 5*a = 2*w + 33, a - 2*w + 4*w = -3. Suppose -5*m = -3*u + 132, -4*m + 220 = a*u - 0*m. List the prime factors of u.
2, 11
Let q = -67 - -73. What are the prime factors of 22/33 + 938/q?
157
Suppose -1727 = -4*r - u + 2145, 0 = 4*r - u - 3880. List the prime factors of r.
3, 17, 19
Let m be (-13)/(-3) - 2/6. Suppose -3*n - 5*u + 123 = 0, -3*n = 2*n - m*u - 168. What are the prime factors of n?
2, 3
Suppose c - 4 = -c. Let g(k) = -k - 1. Let j be g(c). What are the prime factors of -3*j*(-28)/(-9)?
2, 7
Suppose 0 = 721*z - 724*z + 7737. What are the prime factors of z?
2579
Let l(x) = x**2 + 42. Let n be l(0). Let f = 1003 - 1111. What are the prime factors of n/(-4)*f/21?
2, 3
Suppose -2214 = 9*b - 8019. What are the prime factors of b?
3, 5, 43
Suppose 80 = m + v, -2*v = -m + 89 - 24. What are the prime factors of m - -2 - (-1 - 5)/3?
79
Suppose 3*y - 8 - 4 = 0. Let n(r) be the third derivative of r**4/4 - 2*r**3/3 + 7*r**2. List the prime factors of n(y).
2, 5
Let j be -2*(3 + 22/(-4)). Let s(m) = -m**2 + 5*m + 6. Let a be s(j). List the prime factors of (a/(-2))/((-2)/2).
3
Suppose t = -3*t - 384. Let o = 127 - t. What are the prime factors of o?
223
Suppose 0 = -2*z - 3*c + 1, -3*c + 2 = 5. List the prime factors of (z + -6)*-1 - -43.
47
Let k = 321 + -53. What are the prime factors of k?
2, 67
Suppose 3*a - 4*a + 2 = -5*q, -2 = -3*q - a. Suppose 6 = 3*n - 5*n - 3*s, s = q. Let k = n - -6. List the prime factors of k.
3
Suppose w - 5*w + 1888 = 0. List the prime factors of w.
2, 59
Let t = 19 - 13. Suppose -5*j + 2*u = t*u - 596, 0 = -3*j + u + 344. What are the prime factors of j?
2, 29
Let r be (7 + 1)*2/4. Suppose r*w = -w. Suppose f - 1 - 40 = w. List the prime factors of f.
41
Suppose 2*f - 3*o - 854 = 0, -f + 352 = o - 80. What are the prime factors of f?
2, 5, 43
Let f be 7/2 - 1/2. Let y be 10/(-3)*f*-8. Suppose 3*w + w - y = 0. List the prime factors of w.
2, 5
Let d be (-5)/((-5)/(5 - 0)). Suppose 3*h = 3*w + d*h - 97, 3*w - h = 91. What are the prime factors of w?
31
Let q(t) = -24*t**3 + 6*t**2 - 5*t - 8. What are the prime factors of q(-3)?
709
Suppose -6*f = 3*f - 45. Suppose m - f = 0, 2*m + m = -3*n + 195. List the prime factors of n.
2, 3, 5
Suppose 10 + 11 = 3*y. Let s(f) be the first derivative of -f**4/4 + 8*f**3/3 - 5*f**2/2 + 2*f + 2. What are the prime factors of s(y)?
2
Suppose -4*s + 3*s - 2*v + 174 = 0, 2*s = 4*v + 308. Suppose 4*u - c = 346, c + 4*c = 2*u - s. List the prime factors of u.
3, 29
Let c be -8*5/(-5)*1/(-2). Let k = c - -103. What are the prime factors of k?
3, 11
Let z = -58 + 90. Suppose -p - 3*d - 8 = 0, 20 = -3*p + p - 2*d. Let x = z + p. List the prime factors of x.
3, 7
Let u be (-2040)/(-50) + (-1)/(-5). Let f = u - 27. List the prime factors of f.
2, 7
Suppose 76*v + 7 = 77*v. Suppose -g + 49 = -12*n + v*n, -3*g + 5*n + 127 = 0. List the prime factors of g.
3, 13
Let o be 1/((-2)/2 - 0). What are the prime factors of (12 + -13)/(o/38)?
2, 19
Let n(a) = a**3 + 14*a**2 - 14*a + 14. Let r be n(-15). What are the prime factors of (126/5)/(r*(-4)/20)?
2, 3, 7
Let a(b) = -2*b**3 - 68*b**2 + 53*b + 7. List the prime factors of a(-36).
7, 67
Suppose -5*p + 5*m = -11230, 49*p - 52*p + 6736 = -4*m. List the prime factors of p.
2, 281
Suppose 152580 = 31*l + 7624. List the prime factors of l.
2, 7, 167
Let u = -2249 - -3679. Suppose 7*j = -4*j + u. What are the prime factors of j?
2, 5, 13
Let j be (-3)/(4 + 2) + 9/2. Suppose -j*c - 3*h = -421, c = 4*h + 136 - 45. What are the prime factors of c?
103
Let j(o) = -13 + 5 + 3*o**2 + 5 - 12*o + 22. List the prime factors of j(8).
5, 23
Suppose 12*q = 15*q - 6. Let k(b) = -q*b + 4*b - 3*b - 3. List the prime factors of k(-8).
5
Let a(d) = -d**3 + 8*d**2 + 18*d - 18. Let u be a(14). List the prime factors of (-10)/(-40) - u/8.
2, 59
Let m(j) = j**2 - 10*j + 17. Let k be m(20). Suppose v + 0*v = k. List the prime factors of v.
7, 31
Let t(x) = 3*x**3 + x - 1. Let h be t(1). Let v(c) = -h + c**3 + 0*c**3 + 1 + 3. List the prime factors of v(2).
3
Let g(x) = 3*x - 18. Suppose -41 - 7 = -4*d. Let r be g(d). Suppose f - r = -2*o, 82 = f + 2*f - o. What are the prime factors of f?
2, 13
Let w(r) = -5*r**2 - 144*r + 159*r + 16 - 2*r**3 + 0. What are the prime factors of w(-6)?
2, 89
Let z(v) = -41*v**3 - 2*v**2 - 2*v + 2. Let h be z(1). Let q(u) = -30*u**2 + u. Let j be q(-1). Let a = j - h. List the prime factors of a.
2, 3
Suppose 0 = -m + 3*x + 760, -4*m + 2*x + 3020 = -0*x. List the prime factors of m.
2, 13, 29
Suppose -92*a - 2844 = -98*a. List the prime factors of a.
2, 3, 79
What are the prime factors of (-4 - ((2 - 5) + -4)) + 549?
2, 3, 23
Let t(b) = 78*b**3 - b**2. Let c(u) = -5*u - 19. Let i be c(-4). What are the prime factors of t(i)?
7, 11
Let m(f) = -488*f**3 + 4*f**2 - 11*f - 38. What are the prime factors of m(-2)?
2, 61
Let k be 30/(-105) + (-16)/(-7). Suppose k*s = -s - 2076. What are the prime factors of s/(-28) + (-2)/(-7)?
5
Suppose 0 = 152*o - 153*o + 3. What are the prime factors of o?
3
Suppose 126*f - 35*f = 201929. List the prime factors of f.
7, 317
Suppose -6*d + 37*d - 36766 = 0. List the prime factors of d.
2, 593
Let u = 544 + -396. What are the prime factors of u?
2, 37
Suppose -3*i + 0*i + 3*o + 96 = 0, 0 = 4*o. Let m = i - 22. What are the prime factors of m?
2, 5
Let x be 4/(-28) - 164/28. Let h = x - -62. List the prime factors of h.
2, 7
Suppose 6*o + 15 = 5*o. Let i = -33 + o. Let j = -12 - i. List the prime factors of j.
2, 3
Let x(q) = 4*q**3 